{"version":"1.0","provider_name":"Radio Rum\u00e4nien International","provider_url":"https:\/\/www.rri.ro\/de","author_name":"Newsroom","author_url":"https:\/\/www.rri.ro\/de\/author\/newsroom","title":"25.07.2025 - Radio Rum\u00e4nien International","type":"rich","width":600,"height":338,"html":"<blockquote class=\"wp-embedded-content\" data-secret=\"oeaT457iQ9\"><a href=\"https:\/\/www.rri.ro\/de\/aktuell\/newsflash-de\/25-07-2025-id912280.html\">25.07.2025<\/a><\/blockquote><iframe sandbox=\"allow-scripts\" security=\"restricted\" src=\"https:\/\/www.rri.ro\/de\/aktuell\/newsflash-de\/25-07-2025-id912280.html\/embed#?secret=oeaT457iQ9\" width=\"600\" height=\"338\" title=\"&#8222;25.07.2025&#8220; &#8211; Radio Rum\u00e4nien International\" data-secret=\"oeaT457iQ9\" frameborder=\"0\" marginwidth=\"0\" marginheight=\"0\" scrolling=\"no\" class=\"wp-embedded-content\"><\/iframe><script type=\"text\/javascript\">\n\/* <![CDATA[ *\/\n\/*! This file is auto-generated *\/\n!function(d,l){\"use strict\";l.querySelector&&d.addEventListener&&\"undefined\"!=typeof URL&&(d.wp=d.wp||{},d.wp.receiveEmbedMessage||(d.wp.receiveEmbedMessage=function(e){var t=e.data;if((t||t.secret||t.message||t.value)&&!\/[^a-zA-Z0-9]\/.test(t.secret)){for(var s,r,n,a=l.querySelectorAll('iframe[data-secret=\"'+t.secret+'\"]'),o=l.querySelectorAll('blockquote[data-secret=\"'+t.secret+'\"]'),c=new RegExp(\"^https?:$\",\"i\"),i=0;i<o.length;i++)o[i].style.display=\"none\";for(i=0;i<a.length;i++)s=a[i],e.source===s.contentWindow&&(s.removeAttribute(\"style\"),\"height\"===t.message?(1e3<(r=parseInt(t.value,10))?r=1e3:~~r<200&&(r=200),s.height=r):\"link\"===t.message&&(r=new URL(s.getAttribute(\"src\")),n=new URL(t.value),c.test(n.protocol))&&n.host===r.host&&l.activeElement===s&&(d.top.location.href=t.value))}},d.addEventListener(\"message\",d.wp.receiveEmbedMessage,!1),l.addEventListener(\"DOMContentLoaded\",function(){for(var e,t,s=l.querySelectorAll(\"iframe.wp-embedded-content\"),r=0;r<s.length;r++)(t=(e=s[r]).getAttribute(\"data-secret\"))||(t=Math.random().toString(36).substring(2,12),e.src+=\"#?secret=\"+t,e.setAttribute(\"data-secret\",t)),e.contentWindow.postMessage({message:\"ready\",secret:t},\"*\")},!1)))}(window,document);\n\/\/# sourceURL=https:\/\/www.rri.ro\/wp-includes\/js\/wp-embed.min.js\n\/* ]]> *\/\n<\/script>\n","thumbnail_url":"https:\/\/www.rri.ro\/wp-content\/uploads\/2024\/03\/RRI-960x540-Nachrichten-2-NOU.jpg","thumbnail_width":960,"thumbnail_height":540,"description":"Der rum\u00e4nische Pr\u00e4sident Nicu\u015for Dan ist auf Staatsbesuch in \u00d6sterreich, wo er sich mit seinem Amtskollegen Alexander Van der Bellen und Bundeskanzler Christian Stocker trifft und eine Rede auf dem Wirtschaftsforum \u201eSalzburg Summit 2025\u201c h\u00e4lt. Themen sind unter anderem die Lage der rum\u00e4nischen Gemeinschaft in \u00d6sterreich, die Zusammenarbeit in den Bereichen Inneres, Bildung und Kultur [&hellip;]"}

Radio Rumänien International

25.07.2025 - Radio Rumänien International

<blockquote class="wp-embedded-content" data-secret="oeaT457iQ9"><a href="https://www.rri.ro/de/aktuell/newsflash-de/25-07-2025-id912280.html">25.07.2025</a></blockquote><iframe sandbox="allow-scripts" security="restricted" src="https://www.rri.ro/de/aktuell/newsflash-de/25-07-2025-id912280.html/embed#?secret=oeaT457iQ9" width="600" height="338" title="&#8222;25.07.2025&#8220; &#8211; Radio Rumänien International" data-secret="oeaT457iQ9" frameborder="0" marginwidth="0" marginheight="0" scrolling="no" class="wp-embedded-content"></iframe><script type="text/javascript">
/* <![CDATA[ */
/*! This file is auto-generated */
!function(d,l){"use strict";l.querySelector&&d.addEventListener&&"undefined"!=typeof URL&&(d.wp=d.wp||{},d.wp.receiveEmbedMessage||(d.wp.receiveEmbedMessage=function(e){var t=e.data;if((t||t.secret||t.message||t.value)&&!/[^a-zA-Z0-9]/.test(t.secret)){for(var s,r,n,a=l.querySelectorAll('iframe[data-secret="'+t.secret+'"]'),o=l.querySelectorAll('blockquote[data-secret="'+t.secret+'"]'),c=new RegExp("^https?:$","i"),i=0;i<o.length;i++)o[i].style.display="none";for(i=0;i<a.length;i++)s=a[i],e.source===s.contentWindow&&(s.removeAttribute("style"),"height"===t.message?(1e3<(r=parseInt(t.value,10))?r=1e3:~~r<200&&(r=200),s.height=r):"link"===t.message&&(r=new URL(s.getAttribute("src")),n=new URL(t.value),c.test(n.protocol))&&n.host===r.host&&l.activeElement===s&&(d.top.location.href=t.value))}},d.addEventListener("message",d.wp.receiveEmbedMessage,!1),l.addEventListener("DOMContentLoaded",function(){for(var e,t,s=l.querySelectorAll("iframe.wp-embedded-content"),r=0;r<s.length;r++)(t=(e=s[r]).getAttribute("data-secret"))||(t=Math.random().toString(36).substring(2,12),e.src+="#?secret="+t,e.setAttribute("data-secret",t)),e.contentWindow.postMessage({message:"ready",secret:t},"*")},!1)))}(window,document);
//# sourceURL=https://www.rri.ro/wp-includes/js/wp-embed.min.js
/* ]]> */
</script>

Der rumänische Präsident Nicuşor Dan ist auf Staatsbesuch in Österreich, wo er sich mit seinem Amtskollegen Alexander Van der Bellen und Bundeskanzler Christian Stocker trifft und eine Rede auf dem Wirtschaftsforum „Salzburg Summit 2025“ hält. Themen sind unter anderem die Lage der rumänischen Gemeinschaft in Österreich, die Zusammenarbeit in den Bereichen Inneres, Bildung und Kultur [&hellip;]
