{"version":"1.0","provider_name":"Radio Rum\u00e4nien International","provider_url":"https:\/\/www.rri.ro\/de","author_name":"Radio Rom\u00e2nia","author_url":"https:\/\/www.rri.ro\/de\/author\/radio-romania","title":"Nachrichten 08.07.2015 - Radio Rum\u00e4nien International","type":"rich","width":600,"height":338,"html":"<blockquote class=\"wp-embedded-content\" data-secret=\"IGLX8tUvnJ\"><a href=\"https:\/\/www.rri.ro\/de\/aktuell\/newsflash-de\/nachrichten-08-07-2015-id631762.html\">Nachrichten 08.07.2015<\/a><\/blockquote><iframe sandbox=\"allow-scripts\" security=\"restricted\" src=\"https:\/\/www.rri.ro\/de\/aktuell\/newsflash-de\/nachrichten-08-07-2015-id631762.html\/embed#?secret=IGLX8tUvnJ\" width=\"600\" height=\"338\" title=\"&#8222;Nachrichten 08.07.2015&#8220; &#8211; Radio Rum\u00e4nien International\" data-secret=\"IGLX8tUvnJ\" frameborder=\"0\" marginwidth=\"0\" marginheight=\"0\" scrolling=\"no\" class=\"wp-embedded-content\"><\/iframe><script type=\"text\/javascript\">\n\/* <![CDATA[ *\/\n\/*! This file is auto-generated *\/\n!function(d,l){\"use strict\";l.querySelector&&d.addEventListener&&\"undefined\"!=typeof URL&&(d.wp=d.wp||{},d.wp.receiveEmbedMessage||(d.wp.receiveEmbedMessage=function(e){var t=e.data;if((t||t.secret||t.message||t.value)&&!\/[^a-zA-Z0-9]\/.test(t.secret)){for(var s,r,n,a=l.querySelectorAll('iframe[data-secret=\"'+t.secret+'\"]'),o=l.querySelectorAll('blockquote[data-secret=\"'+t.secret+'\"]'),c=new RegExp(\"^https?:$\",\"i\"),i=0;i<o.length;i++)o[i].style.display=\"none\";for(i=0;i<a.length;i++)s=a[i],e.source===s.contentWindow&&(s.removeAttribute(\"style\"),\"height\"===t.message?(1e3<(r=parseInt(t.value,10))?r=1e3:~~r<200&&(r=200),s.height=r):\"link\"===t.message&&(r=new URL(s.getAttribute(\"src\")),n=new URL(t.value),c.test(n.protocol))&&n.host===r.host&&l.activeElement===s&&(d.top.location.href=t.value))}},d.addEventListener(\"message\",d.wp.receiveEmbedMessage,!1),l.addEventListener(\"DOMContentLoaded\",function(){for(var e,t,s=l.querySelectorAll(\"iframe.wp-embedded-content\"),r=0;r<s.length;r++)(t=(e=s[r]).getAttribute(\"data-secret\"))||(t=Math.random().toString(36).substring(2,12),e.src+=\"#?secret=\"+t,e.setAttribute(\"data-secret\",t)),e.contentWindow.postMessage({message:\"ready\",secret:t},\"*\")},!1)))}(window,document);\n\/\/# sourceURL=https:\/\/www.rri.ro\/wp-includes\/js\/wp-embed.min.js\n\/* ]]> *\/\n<\/script>\n","thumbnail_url":"https:\/\/www.rri.ro\/wp-content\/uploads\/2023\/10\/harta-lumii.jpg","thumbnail_width":640,"thumbnail_height":480,"description":"BUKAREST: Victor Ponta wird ab Donnerstag seine T\u00e4tigkeit als Regierungschef wieder aufnehmen. Das teilte er in einem Schreiben Pr\u00e4sident Klaus Iohannis mit. Nach der in der T\u00fcrkei vorgenommenen Knieoperation Mitte Juni war Ponta am Mittwoch nach Rum\u00e4nien zur\u00fcckgekehrt. W\u00e4hrend dieses Zeitraums war Innenminister und Vizeministerpr\u00e4sident Gabriel Oprea zugleich auch Interims-Premier. Die Leitung der Sozial-Demokratischen Partei [&hellip;]"}

Radio Rumänien International

Radio România

Nachrichten 08.07.2015 - Radio Rumänien International

<blockquote class="wp-embedded-content" data-secret="IGLX8tUvnJ"><a href="https://www.rri.ro/de/aktuell/newsflash-de/nachrichten-08-07-2015-id631762.html">Nachrichten 08.07.2015</a></blockquote><iframe sandbox="allow-scripts" security="restricted" src="https://www.rri.ro/de/aktuell/newsflash-de/nachrichten-08-07-2015-id631762.html/embed#?secret=IGLX8tUvnJ" width="600" height="338" title="&#8222;Nachrichten 08.07.2015&#8220; &#8211; Radio Rumänien International" data-secret="IGLX8tUvnJ" frameborder="0" marginwidth="0" marginheight="0" scrolling="no" class="wp-embedded-content"></iframe><script type="text/javascript">
/* <![CDATA[ */
/*! This file is auto-generated */
!function(d,l){"use strict";l.querySelector&&d.addEventListener&&"undefined"!=typeof URL&&(d.wp=d.wp||{},d.wp.receiveEmbedMessage||(d.wp.receiveEmbedMessage=function(e){var t=e.data;if((t||t.secret||t.message||t.value)&&!/[^a-zA-Z0-9]/.test(t.secret)){for(var s,r,n,a=l.querySelectorAll('iframe[data-secret="'+t.secret+'"]'),o=l.querySelectorAll('blockquote[data-secret="'+t.secret+'"]'),c=new RegExp("^https?:$","i"),i=0;i<o.length;i++)o[i].style.display="none";for(i=0;i<a.length;i++)s=a[i],e.source===s.contentWindow&&(s.removeAttribute("style"),"height"===t.message?(1e3<(r=parseInt(t.value,10))?r=1e3:~~r<200&&(r=200),s.height=r):"link"===t.message&&(r=new URL(s.getAttribute("src")),n=new URL(t.value),c.test(n.protocol))&&n.host===r.host&&l.activeElement===s&&(d.top.location.href=t.value))}},d.addEventListener("message",d.wp.receiveEmbedMessage,!1),l.addEventListener("DOMContentLoaded",function(){for(var e,t,s=l.querySelectorAll("iframe.wp-embedded-content"),r=0;r<s.length;r++)(t=(e=s[r]).getAttribute("data-secret"))||(t=Math.random().toString(36).substring(2,12),e.src+="#?secret="+t,e.setAttribute("data-secret",t)),e.contentWindow.postMessage({message:"ready",secret:t},"*")},!1)))}(window,document);
//# sourceURL=https://www.rri.ro/wp-includes/js/wp-embed.min.js
/* ]]> */
</script>

BUKAREST: Victor Ponta wird ab Donnerstag seine Tätigkeit als Regierungschef wieder aufnehmen. Das teilte er in einem Schreiben Präsident Klaus Iohannis mit. Nach der in der Türkei vorgenommenen Knieoperation Mitte Juni war Ponta am Mittwoch nach Rumänien zurückgekehrt. Während dieses Zeitraums war Innenminister und Vizeministerpräsident Gabriel Oprea zugleich auch Interims-Premier. Die Leitung der Sozial-Demokratischen Partei [&hellip;]
