{"version":"1.0","provider_name":"Radio Rum\u00e4nien International","provider_url":"https:\/\/www.rri.ro\/de","author_name":"Rom\u00e2nia Interna\u021bional","author_url":"https:\/\/www.rri.ro\/de\/author\/redactia","title":"Nachrichten 26.03.2014 - Radio Rum\u00e4nien International","type":"rich","width":600,"height":338,"html":"<blockquote class=\"wp-embedded-content\" data-secret=\"EJH2aMvbR9\"><a href=\"https:\/\/www.rri.ro\/de\/aktuell\/newsflash-de\/nachrichten-26-03-2014-id631220.html\">Nachrichten 26.03.2014<\/a><\/blockquote><iframe sandbox=\"allow-scripts\" security=\"restricted\" src=\"https:\/\/www.rri.ro\/de\/aktuell\/newsflash-de\/nachrichten-26-03-2014-id631220.html\/embed#?secret=EJH2aMvbR9\" width=\"600\" height=\"338\" title=\"&#8222;Nachrichten 26.03.2014&#8220; &#8211; Radio Rum\u00e4nien International\" data-secret=\"EJH2aMvbR9\" frameborder=\"0\" marginwidth=\"0\" marginheight=\"0\" scrolling=\"no\" class=\"wp-embedded-content\"><\/iframe><script type=\"text\/javascript\">\n\/* <![CDATA[ *\/\n\/*! This file is auto-generated *\/\n!function(d,l){\"use strict\";l.querySelector&&d.addEventListener&&\"undefined\"!=typeof URL&&(d.wp=d.wp||{},d.wp.receiveEmbedMessage||(d.wp.receiveEmbedMessage=function(e){var t=e.data;if((t||t.secret||t.message||t.value)&&!\/[^a-zA-Z0-9]\/.test(t.secret)){for(var s,r,n,a=l.querySelectorAll('iframe[data-secret=\"'+t.secret+'\"]'),o=l.querySelectorAll('blockquote[data-secret=\"'+t.secret+'\"]'),c=new RegExp(\"^https?:$\",\"i\"),i=0;i<o.length;i++)o[i].style.display=\"none\";for(i=0;i<a.length;i++)s=a[i],e.source===s.contentWindow&&(s.removeAttribute(\"style\"),\"height\"===t.message?(1e3<(r=parseInt(t.value,10))?r=1e3:~~r<200&&(r=200),s.height=r):\"link\"===t.message&&(r=new URL(s.getAttribute(\"src\")),n=new URL(t.value),c.test(n.protocol))&&n.host===r.host&&l.activeElement===s&&(d.top.location.href=t.value))}},d.addEventListener(\"message\",d.wp.receiveEmbedMessage,!1),l.addEventListener(\"DOMContentLoaded\",function(){for(var e,t,s=l.querySelectorAll(\"iframe.wp-embedded-content\"),r=0;r<s.length;r++)(t=(e=s[r]).getAttribute(\"data-secret\"))||(t=Math.random().toString(36).substring(2,12),e.src+=\"#?secret=\"+t,e.setAttribute(\"data-secret\",t)),e.contentWindow.postMessage({message:\"ready\",secret:t},\"*\")},!1)))}(window,document);\n\/\/# sourceURL=https:\/\/www.rri.ro\/wp-includes\/js\/wp-embed.min.js\n\/* ]]> *\/\n<\/script>\n","thumbnail_url":"https:\/\/www.rri.ro\/wp-content\/uploads\/2023\/10\/harta-lumii.gif","thumbnail_width":640,"thumbnail_height":480,"description":"BUKAREST: Der Mittwoch ist der letzte Tag gewesen, an dem die politischen Parteien und die unabh\u00e4ngigen Kandidaten in Rum\u00e4nien sich beim Zentralen Wahlb\u00fcro einschreiben konnten, um an den Europawahlen vom 25. Mai teilzunehmen. Die Kandidaturen k\u00f6nnen ab dem 28. M\u00e4rz angefochten werden. Rum\u00e4nien wird im Europaparlament 32 Euroabgeordnete haben. Laut Meinungsumfragen k\u00f6nnte die regierende Allianz [&hellip;]"}

Radio Rumänien International

România Internațional

Nachrichten 26.03.2014 - Radio Rumänien International

<blockquote class="wp-embedded-content" data-secret="EJH2aMvbR9"><a href="https://www.rri.ro/de/aktuell/newsflash-de/nachrichten-26-03-2014-id631220.html">Nachrichten 26.03.2014</a></blockquote><iframe sandbox="allow-scripts" security="restricted" src="https://www.rri.ro/de/aktuell/newsflash-de/nachrichten-26-03-2014-id631220.html/embed#?secret=EJH2aMvbR9" width="600" height="338" title="&#8222;Nachrichten 26.03.2014&#8220; &#8211; Radio Rumänien International" data-secret="EJH2aMvbR9" frameborder="0" marginwidth="0" marginheight="0" scrolling="no" class="wp-embedded-content"></iframe><script type="text/javascript">
/* <![CDATA[ */
/*! This file is auto-generated */
!function(d,l){"use strict";l.querySelector&&d.addEventListener&&"undefined"!=typeof URL&&(d.wp=d.wp||{},d.wp.receiveEmbedMessage||(d.wp.receiveEmbedMessage=function(e){var t=e.data;if((t||t.secret||t.message||t.value)&&!/[^a-zA-Z0-9]/.test(t.secret)){for(var s,r,n,a=l.querySelectorAll('iframe[data-secret="'+t.secret+'"]'),o=l.querySelectorAll('blockquote[data-secret="'+t.secret+'"]'),c=new RegExp("^https?:$","i"),i=0;i<o.length;i++)o[i].style.display="none";for(i=0;i<a.length;i++)s=a[i],e.source===s.contentWindow&&(s.removeAttribute("style"),"height"===t.message?(1e3<(r=parseInt(t.value,10))?r=1e3:~~r<200&&(r=200),s.height=r):"link"===t.message&&(r=new URL(s.getAttribute("src")),n=new URL(t.value),c.test(n.protocol))&&n.host===r.host&&l.activeElement===s&&(d.top.location.href=t.value))}},d.addEventListener("message",d.wp.receiveEmbedMessage,!1),l.addEventListener("DOMContentLoaded",function(){for(var e,t,s=l.querySelectorAll("iframe.wp-embedded-content"),r=0;r<s.length;r++)(t=(e=s[r]).getAttribute("data-secret"))||(t=Math.random().toString(36).substring(2,12),e.src+="#?secret="+t,e.setAttribute("data-secret",t)),e.contentWindow.postMessage({message:"ready",secret:t},"*")},!1)))}(window,document);
//# sourceURL=https://www.rri.ro/wp-includes/js/wp-embed.min.js
/* ]]> */
</script>

BUKAREST: Der Mittwoch ist der letzte Tag gewesen, an dem die politischen Parteien und die unabhängigen Kandidaten in Rumänien sich beim Zentralen Wahlbüro einschreiben konnten, um an den Europawahlen vom 25. Mai teilzunehmen. Die Kandidaturen können ab dem 28. März angefochten werden. Rumänien wird im Europaparlament 32 Euroabgeordnete haben. Laut Meinungsumfragen könnte die regierende Allianz [&hellip;]
