{"version":"1.0","provider_name":"Radio Roumanie Internationale","provider_url":"https:\/\/www.rri.ro\/fr","author_name":"Newsroom","author_url":"https:\/\/www.rri.ro\/fr\/author\/newsroom","title":"02.01.2015 - Radio Roumanie Internationale","type":"rich","width":600,"height":338,"html":"<blockquote class=\"wp-embedded-content\" data-secret=\"2DrI6mIYRc\"><a href=\"https:\/\/www.rri.ro\/fr\/actualites\/le-flash\/02-01-2015-id390435.html\">02.01.2015<\/a><\/blockquote><iframe sandbox=\"allow-scripts\" security=\"restricted\" src=\"https:\/\/www.rri.ro\/fr\/actualites\/le-flash\/02-01-2015-id390435.html\/embed#?secret=2DrI6mIYRc\" width=\"600\" height=\"338\" title=\"\u00ab\u00a002.01.2015\u00a0\u00bb &#8212; Radio Roumanie Internationale\" data-secret=\"2DrI6mIYRc\" frameborder=\"0\" marginwidth=\"0\" marginheight=\"0\" scrolling=\"no\" class=\"wp-embedded-content\"><\/iframe><script type=\"text\/javascript\">\n\/* <![CDATA[ *\/\n\/*! This file is auto-generated *\/\n!function(d,l){\"use strict\";l.querySelector&&d.addEventListener&&\"undefined\"!=typeof URL&&(d.wp=d.wp||{},d.wp.receiveEmbedMessage||(d.wp.receiveEmbedMessage=function(e){var t=e.data;if((t||t.secret||t.message||t.value)&&!\/[^a-zA-Z0-9]\/.test(t.secret)){for(var s,r,n,a=l.querySelectorAll('iframe[data-secret=\"'+t.secret+'\"]'),o=l.querySelectorAll('blockquote[data-secret=\"'+t.secret+'\"]'),c=new RegExp(\"^https?:$\",\"i\"),i=0;i<o.length;i++)o[i].style.display=\"none\";for(i=0;i<a.length;i++)s=a[i],e.source===s.contentWindow&&(s.removeAttribute(\"style\"),\"height\"===t.message?(1e3<(r=parseInt(t.value,10))?r=1e3:~~r<200&&(r=200),s.height=r):\"link\"===t.message&&(r=new URL(s.getAttribute(\"src\")),n=new URL(t.value),c.test(n.protocol))&&n.host===r.host&&l.activeElement===s&&(d.top.location.href=t.value))}},d.addEventListener(\"message\",d.wp.receiveEmbedMessage,!1),l.addEventListener(\"DOMContentLoaded\",function(){for(var e,t,s=l.querySelectorAll(\"iframe.wp-embedded-content\"),r=0;r<s.length;r++)(t=(e=s[r]).getAttribute(\"data-secret\"))||(t=Math.random().toString(36).substring(2,12),e.src+=\"#?secret=\"+t,e.setAttribute(\"data-secret\",t)),e.contentWindow.postMessage({message:\"ready\",secret:t},\"*\")},!1)))}(window,document);\n\/\/# sourceURL=https:\/\/www.rri.ro\/wp-includes\/js\/wp-embed.min.js\n\/* ]]> *\/\n<\/script>\n","thumbnail_url":"https:\/\/www.rri.ro\/wp-content\/uploads\/2023\/10\/LOGO-RRI-FUNDAL-ALB1.jpg","thumbnail_width":640,"thumbnail_height":479,"description":"Messages &#8212; Le pr\u00e9sident roumain, Klaus Iohannis, souhaite aux Roumains vivant en Roumanie et dans la diaspora qu\u2019en 2015 les espoirs deviennent r\u00e9alit\u00e9. Dans son message pour la Nouvelle ann\u00e9e, le chef de l\u2019Etat se d\u00e9clare confiant que cette ann\u00e9e constituera le d\u00e9but d\u2019une Roumanie de la normalit\u00e9. Il a exhort\u00e9 ses compatriotes \u00e0 laisser [&hellip;]"}

Messages &#8212; Le président roumain, Klaus Iohannis, souhaite aux Roumains vivant en Roumanie et dans la diaspora qu’en 2015 les espoirs deviennent réalité. Dans son message pour la Nouvelle année, le chef de l’Etat se déclare confiant que cette année constituera le début d’une Roumanie de la normalité. Il a exhorté ses compatriotes à laisser [&hellip;]
