{"version":"1.0","provider_name":"Radio Roumanie Internationale","provider_url":"https:\/\/www.rri.ro\/fr","author_name":"Newsroom","author_url":"https:\/\/www.rri.ro\/fr\/author\/newsroom","title":"05.09.2025 (mise \u00e0 jour 2) - Radio Roumanie Internationale","type":"rich","width":600,"height":338,"html":"<blockquote class=\"wp-embedded-content\" data-secret=\"NcilYxaqO3\"><a href=\"https:\/\/www.rri.ro\/fr\/actualites\/le-flash\/05-09-2025-mise-a-jour-id925153.html\">05.09.2025 (mise \u00e0 jour 2)<\/a><\/blockquote><iframe sandbox=\"allow-scripts\" security=\"restricted\" src=\"https:\/\/www.rri.ro\/fr\/actualites\/le-flash\/05-09-2025-mise-a-jour-id925153.html\/embed#?secret=NcilYxaqO3\" width=\"600\" height=\"338\" title=\"\u00ab\u00a005.09.2025 (mise \u00e0 jour 2)\u00a0\u00bb &#8212; Radio Roumanie Internationale\" data-secret=\"NcilYxaqO3\" frameborder=\"0\" marginwidth=\"0\" marginheight=\"0\" scrolling=\"no\" class=\"wp-embedded-content\"><\/iframe><script type=\"text\/javascript\">\n\/* <![CDATA[ *\/\n\/*! This file is auto-generated *\/\n!function(d,l){\"use strict\";l.querySelector&&d.addEventListener&&\"undefined\"!=typeof URL&&(d.wp=d.wp||{},d.wp.receiveEmbedMessage||(d.wp.receiveEmbedMessage=function(e){var t=e.data;if((t||t.secret||t.message||t.value)&&!\/[^a-zA-Z0-9]\/.test(t.secret)){for(var s,r,n,a=l.querySelectorAll('iframe[data-secret=\"'+t.secret+'\"]'),o=l.querySelectorAll('blockquote[data-secret=\"'+t.secret+'\"]'),c=new RegExp(\"^https?:$\",\"i\"),i=0;i<o.length;i++)o[i].style.display=\"none\";for(i=0;i<a.length;i++)s=a[i],e.source===s.contentWindow&&(s.removeAttribute(\"style\"),\"height\"===t.message?(1e3<(r=parseInt(t.value,10))?r=1e3:~~r<200&&(r=200),s.height=r):\"link\"===t.message&&(r=new URL(s.getAttribute(\"src\")),n=new URL(t.value),c.test(n.protocol))&&n.host===r.host&&l.activeElement===s&&(d.top.location.href=t.value))}},d.addEventListener(\"message\",d.wp.receiveEmbedMessage,!1),l.addEventListener(\"DOMContentLoaded\",function(){for(var e,t,s=l.querySelectorAll(\"iframe.wp-embedded-content\"),r=0;r<s.length;r++)(t=(e=s[r]).getAttribute(\"data-secret\"))||(t=Math.random().toString(36).substring(2,12),e.src+=\"#?secret=\"+t,e.setAttribute(\"data-secret\",t)),e.contentWindow.postMessage({message:\"ready\",secret:t},\"*\")},!1)))}(window,document);\n\/\/# sourceURL=https:\/\/www.rri.ro\/wp-includes\/js\/wp-embed.min.js\n\/* ]]> *\/\n<\/script>\n","thumbnail_url":"https:\/\/www.rri.ro\/wp-content\/uploads\/2024\/03\/RRI-960x540-Le-flash-2-NOU.jpg","thumbnail_width":960,"thumbnail_height":540,"description":"PIB &#8211; L&rsquo;\u00e9conomie de la zone euro et celle de l&rsquo;Union europ\u00e9enne ont connu une l\u00e9g\u00e8re croissance au 2e trimestre de cette ann\u00e9e, par rapport au trimestre pr\u00e9c\u00e9dent, selon les donn\u00e9es publi\u00e9es ce vendredi par Eurostat. Selon la m\u00eame source, entre avril et juin 2025, le PIB des 20 pays ayant adopt\u00e9 la monnaie unique [&hellip;]"}

05.09.2025 (mise à jour 2) - Radio Roumanie Internationale

<blockquote class="wp-embedded-content" data-secret="NcilYxaqO3"><a href="https://www.rri.ro/fr/actualites/le-flash/05-09-2025-mise-a-jour-id925153.html">05.09.2025 (mise à jour 2)</a></blockquote><iframe sandbox="allow-scripts" security="restricted" src="https://www.rri.ro/fr/actualites/le-flash/05-09-2025-mise-a-jour-id925153.html/embed#?secret=NcilYxaqO3" width="600" height="338" title="« 05.09.2025 (mise à jour 2) » &#8212; Radio Roumanie Internationale" data-secret="NcilYxaqO3" frameborder="0" marginwidth="0" marginheight="0" scrolling="no" class="wp-embedded-content"></iframe><script type="text/javascript">
/* <![CDATA[ */
/*! This file is auto-generated */
!function(d,l){"use strict";l.querySelector&&d.addEventListener&&"undefined"!=typeof URL&&(d.wp=d.wp||{},d.wp.receiveEmbedMessage||(d.wp.receiveEmbedMessage=function(e){var t=e.data;if((t||t.secret||t.message||t.value)&&!/[^a-zA-Z0-9]/.test(t.secret)){for(var s,r,n,a=l.querySelectorAll('iframe[data-secret="'+t.secret+'"]'),o=l.querySelectorAll('blockquote[data-secret="'+t.secret+'"]'),c=new RegExp("^https?:$","i"),i=0;i<o.length;i++)o[i].style.display="none";for(i=0;i<a.length;i++)s=a[i],e.source===s.contentWindow&&(s.removeAttribute("style"),"height"===t.message?(1e3<(r=parseInt(t.value,10))?r=1e3:~~r<200&&(r=200),s.height=r):"link"===t.message&&(r=new URL(s.getAttribute("src")),n=new URL(t.value),c.test(n.protocol))&&n.host===r.host&&l.activeElement===s&&(d.top.location.href=t.value))}},d.addEventListener("message",d.wp.receiveEmbedMessage,!1),l.addEventListener("DOMContentLoaded",function(){for(var e,t,s=l.querySelectorAll("iframe.wp-embedded-content"),r=0;r<s.length;r++)(t=(e=s[r]).getAttribute("data-secret"))||(t=Math.random().toString(36).substring(2,12),e.src+="#?secret="+t,e.setAttribute("data-secret",t)),e.contentWindow.postMessage({message:"ready",secret:t},"*")},!1)))}(window,document);
//# sourceURL=https://www.rri.ro/wp-includes/js/wp-embed.min.js
/* ]]> */
</script>

PIB &#8211; L&rsquo;économie de la zone euro et celle de l&rsquo;Union européenne ont connu une légère croissance au 2e trimestre de cette année, par rapport au trimestre précédent, selon les données publiées ce vendredi par Eurostat. Selon la même source, entre avril et juin 2025, le PIB des 20 pays ayant adopté la monnaie unique [&hellip;]
