{"version":"1.0","provider_name":"Radio Roumanie Internationale","provider_url":"https:\/\/www.rri.ro\/fr","author_name":"Newsroom","author_url":"https:\/\/www.rri.ro\/fr\/author\/newsroom","title":"06.06.2025 (mise \u00e0 jour) - Radio Roumanie Internationale","type":"rich","width":600,"height":338,"html":"<blockquote class=\"wp-embedded-content\" data-secret=\"z4CTgGqDw1\"><a href=\"https:\/\/www.rri.ro\/fr\/actualites\/le-flash\/06-06-2025-mise-a-jour-id896386.html\">06.06.2025 (mise \u00e0 jour)<\/a><\/blockquote><iframe sandbox=\"allow-scripts\" security=\"restricted\" src=\"https:\/\/www.rri.ro\/fr\/actualites\/le-flash\/06-06-2025-mise-a-jour-id896386.html\/embed#?secret=z4CTgGqDw1\" width=\"600\" height=\"338\" title=\"\u00ab\u00a006.06.2025 (mise \u00e0 jour)\u00a0\u00bb &#8212; Radio Roumanie Internationale\" data-secret=\"z4CTgGqDw1\" frameborder=\"0\" marginwidth=\"0\" marginheight=\"0\" scrolling=\"no\" class=\"wp-embedded-content\"><\/iframe><script type=\"text\/javascript\">\n\/* <![CDATA[ *\/\n\/*! This file is auto-generated *\/\n!function(d,l){\"use strict\";l.querySelector&&d.addEventListener&&\"undefined\"!=typeof URL&&(d.wp=d.wp||{},d.wp.receiveEmbedMessage||(d.wp.receiveEmbedMessage=function(e){var t=e.data;if((t||t.secret||t.message||t.value)&&!\/[^a-zA-Z0-9]\/.test(t.secret)){for(var s,r,n,a=l.querySelectorAll('iframe[data-secret=\"'+t.secret+'\"]'),o=l.querySelectorAll('blockquote[data-secret=\"'+t.secret+'\"]'),c=new RegExp(\"^https?:$\",\"i\"),i=0;i<o.length;i++)o[i].style.display=\"none\";for(i=0;i<a.length;i++)s=a[i],e.source===s.contentWindow&&(s.removeAttribute(\"style\"),\"height\"===t.message?(1e3<(r=parseInt(t.value,10))?r=1e3:~~r<200&&(r=200),s.height=r):\"link\"===t.message&&(r=new URL(s.getAttribute(\"src\")),n=new URL(t.value),c.test(n.protocol))&&n.host===r.host&&l.activeElement===s&&(d.top.location.href=t.value))}},d.addEventListener(\"message\",d.wp.receiveEmbedMessage,!1),l.addEventListener(\"DOMContentLoaded\",function(){for(var e,t,s=l.querySelectorAll(\"iframe.wp-embedded-content\"),r=0;r<s.length;r++)(t=(e=s[r]).getAttribute(\"data-secret\"))||(t=Math.random().toString(36).substring(2,12),e.src+=\"#?secret=\"+t,e.setAttribute(\"data-secret\",t)),e.contentWindow.postMessage({message:\"ready\",secret:t},\"*\")},!1)))}(window,document);\n\/\/# sourceURL=https:\/\/www.rri.ro\/wp-includes\/js\/wp-embed.min.js\n\/* ]]> *\/\n<\/script>\n","thumbnail_url":"https:\/\/www.rri.ro\/wp-content\/uploads\/2024\/03\/RRI-960x540-Le-flash-2-NOU.jpg","thumbnail_width":960,"thumbnail_height":540,"description":"D\u00e9ficit &#8211; D\u00e9battu ces derniers jours \u00e0 Bucarest au sein du groupe de travail pluripartite, le paquet fiscal visant la r\u00e9duction du d\u00e9ficit budg\u00e9taire sera n\u00e9goci\u00e9 au d\u00e9but de la semaine prochaine, par le pr\u00e9sident roumain, Nicusor Dan et les responsables des quatre partis pro-europ\u00e9ens et du groupe des minorit\u00e9s nationales. Les experts du Parti [&hellip;]"}

06.06.2025 (mise à jour) - Radio Roumanie Internationale

<blockquote class="wp-embedded-content" data-secret="z4CTgGqDw1"><a href="https://www.rri.ro/fr/actualites/le-flash/06-06-2025-mise-a-jour-id896386.html">06.06.2025 (mise à jour)</a></blockquote><iframe sandbox="allow-scripts" security="restricted" src="https://www.rri.ro/fr/actualites/le-flash/06-06-2025-mise-a-jour-id896386.html/embed#?secret=z4CTgGqDw1" width="600" height="338" title="« 06.06.2025 (mise à jour) » &#8212; Radio Roumanie Internationale" data-secret="z4CTgGqDw1" frameborder="0" marginwidth="0" marginheight="0" scrolling="no" class="wp-embedded-content"></iframe><script type="text/javascript">
/* <![CDATA[ */
/*! This file is auto-generated */
!function(d,l){"use strict";l.querySelector&&d.addEventListener&&"undefined"!=typeof URL&&(d.wp=d.wp||{},d.wp.receiveEmbedMessage||(d.wp.receiveEmbedMessage=function(e){var t=e.data;if((t||t.secret||t.message||t.value)&&!/[^a-zA-Z0-9]/.test(t.secret)){for(var s,r,n,a=l.querySelectorAll('iframe[data-secret="'+t.secret+'"]'),o=l.querySelectorAll('blockquote[data-secret="'+t.secret+'"]'),c=new RegExp("^https?:$","i"),i=0;i<o.length;i++)o[i].style.display="none";for(i=0;i<a.length;i++)s=a[i],e.source===s.contentWindow&&(s.removeAttribute("style"),"height"===t.message?(1e3<(r=parseInt(t.value,10))?r=1e3:~~r<200&&(r=200),s.height=r):"link"===t.message&&(r=new URL(s.getAttribute("src")),n=new URL(t.value),c.test(n.protocol))&&n.host===r.host&&l.activeElement===s&&(d.top.location.href=t.value))}},d.addEventListener("message",d.wp.receiveEmbedMessage,!1),l.addEventListener("DOMContentLoaded",function(){for(var e,t,s=l.querySelectorAll("iframe.wp-embedded-content"),r=0;r<s.length;r++)(t=(e=s[r]).getAttribute("data-secret"))||(t=Math.random().toString(36).substring(2,12),e.src+="#?secret="+t,e.setAttribute("data-secret",t)),e.contentWindow.postMessage({message:"ready",secret:t},"*")},!1)))}(window,document);
//# sourceURL=https://www.rri.ro/wp-includes/js/wp-embed.min.js
/* ]]> */
</script>

Déficit &#8211; Débattu ces derniers jours à Bucarest au sein du groupe de travail pluripartite, le paquet fiscal visant la réduction du déficit budgétaire sera négocié au début de la semaine prochaine, par le président roumain, Nicusor Dan et les responsables des quatre partis pro-européens et du groupe des minorités nationales. Les experts du Parti [&hellip;]
