{"version":"1.0","provider_name":"Radio Roumanie Internationale","provider_url":"https:\/\/www.rri.ro\/fr","author_name":"Newsroom","author_url":"https:\/\/www.rri.ro\/fr\/author\/newsroom","title":"06.10.2025 - Radio Roumanie Internationale","type":"rich","width":600,"height":338,"html":"<blockquote class=\"wp-embedded-content\" data-secret=\"Ye3jSgfQWD\"><a href=\"https:\/\/www.rri.ro\/fr\/actualites\/le-flash\/06-10-2025-id935900.html\">06.10.2025<\/a><\/blockquote><iframe sandbox=\"allow-scripts\" security=\"restricted\" src=\"https:\/\/www.rri.ro\/fr\/actualites\/le-flash\/06-10-2025-id935900.html\/embed#?secret=Ye3jSgfQWD\" width=\"600\" height=\"338\" title=\"\u00ab\u00a006.10.2025\u00a0\u00bb &#8212; Radio Roumanie Internationale\" data-secret=\"Ye3jSgfQWD\" frameborder=\"0\" marginwidth=\"0\" marginheight=\"0\" scrolling=\"no\" class=\"wp-embedded-content\"><\/iframe><script type=\"text\/javascript\">\n\/* <![CDATA[ *\/\n\/*! This file is auto-generated *\/\n!function(d,l){\"use strict\";l.querySelector&&d.addEventListener&&\"undefined\"!=typeof URL&&(d.wp=d.wp||{},d.wp.receiveEmbedMessage||(d.wp.receiveEmbedMessage=function(e){var t=e.data;if((t||t.secret||t.message||t.value)&&!\/[^a-zA-Z0-9]\/.test(t.secret)){for(var s,r,n,a=l.querySelectorAll('iframe[data-secret=\"'+t.secret+'\"]'),o=l.querySelectorAll('blockquote[data-secret=\"'+t.secret+'\"]'),c=new RegExp(\"^https?:$\",\"i\"),i=0;i<o.length;i++)o[i].style.display=\"none\";for(i=0;i<a.length;i++)s=a[i],e.source===s.contentWindow&&(s.removeAttribute(\"style\"),\"height\"===t.message?(1e3<(r=parseInt(t.value,10))?r=1e3:~~r<200&&(r=200),s.height=r):\"link\"===t.message&&(r=new URL(s.getAttribute(\"src\")),n=new URL(t.value),c.test(n.protocol))&&n.host===r.host&&l.activeElement===s&&(d.top.location.href=t.value))}},d.addEventListener(\"message\",d.wp.receiveEmbedMessage,!1),l.addEventListener(\"DOMContentLoaded\",function(){for(var e,t,s=l.querySelectorAll(\"iframe.wp-embedded-content\"),r=0;r<s.length;r++)(t=(e=s[r]).getAttribute(\"data-secret\"))||(t=Math.random().toString(36).substring(2,12),e.src+=\"#?secret=\"+t,e.setAttribute(\"data-secret\",t)),e.contentWindow.postMessage({message:\"ready\",secret:t},\"*\")},!1)))}(window,document);\n\/\/# sourceURL=https:\/\/www.rri.ro\/wp-includes\/js\/wp-embed.min.js\n\/* ]]> *\/\n<\/script>\n","thumbnail_url":"https:\/\/www.rri.ro\/wp-content\/uploads\/2024\/03\/RRI-960x540-Le-flash-2-NOU.jpg","thumbnail_width":960,"thumbnail_height":540,"description":"Parlement &#8211; Le ministre de l\u2019Agriculture, Florin Barbu, a \u00e9t\u00e9 convoqu\u00e9 ce lundi en s\u00e9ance pl\u00e9ni\u00e8re de la Chambre des D\u00e9put\u00e9s de Bucarest. L\u2019opposition parlementaire lui demande de pr\u00e9senter des mesures urgentes pour \u00e9viter la faillite des petits producteurs agricoles, estimant que leur situation repr\u00e9sente un risque pour la s\u00e9curit\u00e9 alimentaire, selon les d\u00e9put\u00e9s du [&hellip;]"}

Parlement &#8211; Le ministre de l’Agriculture, Florin Barbu, a été convoqué ce lundi en séance plénière de la Chambre des Députés de Bucarest. L’opposition parlementaire lui demande de présenter des mesures urgentes pour éviter la faillite des petits producteurs agricoles, estimant que leur situation représente un risque pour la sécurité alimentaire, selon les députés du [&hellip;]
