{"version":"1.0","provider_name":"Radio Roumanie Internationale","provider_url":"https:\/\/www.rri.ro\/fr","author_name":"Newsroom","author_url":"https:\/\/www.rri.ro\/fr\/author\/newsroom","title":"15\/12\/2021 (mise \u00e0 jour) - Radio Roumanie Internationale","type":"rich","width":600,"height":338,"html":"<blockquote class=\"wp-embedded-content\" data-secret=\"oKDihljpE3\"><a href=\"https:\/\/www.rri.ro\/fr\/actualites\/le-flash\/15-12-2021-mise-a-jour-id395514.html\">15\/12\/2021 (mise \u00e0 jour)<\/a><\/blockquote><iframe sandbox=\"allow-scripts\" security=\"restricted\" src=\"https:\/\/www.rri.ro\/fr\/actualites\/le-flash\/15-12-2021-mise-a-jour-id395514.html\/embed#?secret=oKDihljpE3\" width=\"600\" height=\"338\" title=\"\u00ab\u00a015\/12\/2021 (mise \u00e0 jour)\u00a0\u00bb &#8212; Radio Roumanie Internationale\" data-secret=\"oKDihljpE3\" frameborder=\"0\" marginwidth=\"0\" marginheight=\"0\" scrolling=\"no\" class=\"wp-embedded-content\"><\/iframe><script type=\"text\/javascript\">\n\/* <![CDATA[ *\/\n\/*! This file is auto-generated *\/\n!function(d,l){\"use strict\";l.querySelector&&d.addEventListener&&\"undefined\"!=typeof URL&&(d.wp=d.wp||{},d.wp.receiveEmbedMessage||(d.wp.receiveEmbedMessage=function(e){var t=e.data;if((t||t.secret||t.message||t.value)&&!\/[^a-zA-Z0-9]\/.test(t.secret)){for(var s,r,n,a=l.querySelectorAll('iframe[data-secret=\"'+t.secret+'\"]'),o=l.querySelectorAll('blockquote[data-secret=\"'+t.secret+'\"]'),c=new RegExp(\"^https?:$\",\"i\"),i=0;i<o.length;i++)o[i].style.display=\"none\";for(i=0;i<a.length;i++)s=a[i],e.source===s.contentWindow&&(s.removeAttribute(\"style\"),\"height\"===t.message?(1e3<(r=parseInt(t.value,10))?r=1e3:~~r<200&&(r=200),s.height=r):\"link\"===t.message&&(r=new URL(s.getAttribute(\"src\")),n=new URL(t.value),c.test(n.protocol))&&n.host===r.host&&l.activeElement===s&&(d.top.location.href=t.value))}},d.addEventListener(\"message\",d.wp.receiveEmbedMessage,!1),l.addEventListener(\"DOMContentLoaded\",function(){for(var e,t,s=l.querySelectorAll(\"iframe.wp-embedded-content\"),r=0;r<s.length;r++)(t=(e=s[r]).getAttribute(\"data-secret\"))||(t=Math.random().toString(36).substring(2,12),e.src+=\"#?secret=\"+t,e.setAttribute(\"data-secret\",t)),e.contentWindow.postMessage({message:\"ready\",secret:t},\"*\")},!1)))}(window,document);\n\/\/# sourceURL=https:\/\/www.rri.ro\/wp-includes\/js\/wp-embed.min.js\n\/* ]]> *\/\n<\/script>\n","thumbnail_url":"https:\/\/www.rri.ro\/wp-content\/uploads\/2023\/10\/stiri-franceza-bleu-5.png","thumbnail_width":640,"thumbnail_height":480,"description":"Covid-19 &#8212; Mercredi, la Roumanie a rapport\u00e9 829 nouveaux cas de contamination au coronavirus et 88 d\u00e9c\u00e8s des suites de cette maladie, dont 17 ant\u00e9rieurs \u00e0 la p\u00e9riode de r\u00e9f\u00e9rence. Actuellement, le nombre de Roumains ayant b\u00e9n\u00e9fici\u00e9 d\u2019un sch\u00e9ma de vaccination complet se monte \u00e0 7,6 millions. Depuis le d\u00e9clenchement de la pand\u00e9mie, en Roumanie, [&hellip;]"}

15/12/2021 (mise à jour) - Radio Roumanie Internationale

<blockquote class="wp-embedded-content" data-secret="oKDihljpE3"><a href="https://www.rri.ro/fr/actualites/le-flash/15-12-2021-mise-a-jour-id395514.html">15/12/2021 (mise à jour)</a></blockquote><iframe sandbox="allow-scripts" security="restricted" src="https://www.rri.ro/fr/actualites/le-flash/15-12-2021-mise-a-jour-id395514.html/embed#?secret=oKDihljpE3" width="600" height="338" title="« 15/12/2021 (mise à jour) » &#8212; Radio Roumanie Internationale" data-secret="oKDihljpE3" frameborder="0" marginwidth="0" marginheight="0" scrolling="no" class="wp-embedded-content"></iframe><script type="text/javascript">
/* <![CDATA[ */
/*! This file is auto-generated */
!function(d,l){"use strict";l.querySelector&&d.addEventListener&&"undefined"!=typeof URL&&(d.wp=d.wp||{},d.wp.receiveEmbedMessage||(d.wp.receiveEmbedMessage=function(e){var t=e.data;if((t||t.secret||t.message||t.value)&&!/[^a-zA-Z0-9]/.test(t.secret)){for(var s,r,n,a=l.querySelectorAll('iframe[data-secret="'+t.secret+'"]'),o=l.querySelectorAll('blockquote[data-secret="'+t.secret+'"]'),c=new RegExp("^https?:$","i"),i=0;i<o.length;i++)o[i].style.display="none";for(i=0;i<a.length;i++)s=a[i],e.source===s.contentWindow&&(s.removeAttribute("style"),"height"===t.message?(1e3<(r=parseInt(t.value,10))?r=1e3:~~r<200&&(r=200),s.height=r):"link"===t.message&&(r=new URL(s.getAttribute("src")),n=new URL(t.value),c.test(n.protocol))&&n.host===r.host&&l.activeElement===s&&(d.top.location.href=t.value))}},d.addEventListener("message",d.wp.receiveEmbedMessage,!1),l.addEventListener("DOMContentLoaded",function(){for(var e,t,s=l.querySelectorAll("iframe.wp-embedded-content"),r=0;r<s.length;r++)(t=(e=s[r]).getAttribute("data-secret"))||(t=Math.random().toString(36).substring(2,12),e.src+="#?secret="+t,e.setAttribute("data-secret",t)),e.contentWindow.postMessage({message:"ready",secret:t},"*")},!1)))}(window,document);
//# sourceURL=https://www.rri.ro/wp-includes/js/wp-embed.min.js
/* ]]> */
</script>

Covid-19 &#8212; Mercredi, la Roumanie a rapporté 829 nouveaux cas de contamination au coronavirus et 88 décès des suites de cette maladie, dont 17 antérieurs à la période de référence. Actuellement, le nombre de Roumains ayant bénéficié d’un schéma de vaccination complet se monte à 7,6 millions. Depuis le déclenchement de la pandémie, en Roumanie, [&hellip;]
