{"version":"1.0","provider_name":"Radio Roumanie Internationale","provider_url":"https:\/\/www.rri.ro\/fr","author_name":"Newsroom","author_url":"https:\/\/www.rri.ro\/fr\/author\/newsroom","title":"18.12.2019 - Radio Roumanie Internationale","type":"rich","width":600,"height":338,"html":"<blockquote class=\"wp-embedded-content\" data-secret=\"q5I4otGGDv\"><a href=\"https:\/\/www.rri.ro\/fr\/actualites\/le-flash\/18-12-2019-2-id394027.html\">18.12.2019<\/a><\/blockquote><iframe sandbox=\"allow-scripts\" security=\"restricted\" src=\"https:\/\/www.rri.ro\/fr\/actualites\/le-flash\/18-12-2019-2-id394027.html\/embed#?secret=q5I4otGGDv\" width=\"600\" height=\"338\" title=\"\u00ab\u00a018.12.2019\u00a0\u00bb &#8212; Radio Roumanie Internationale\" data-secret=\"q5I4otGGDv\" frameborder=\"0\" marginwidth=\"0\" marginheight=\"0\" scrolling=\"no\" class=\"wp-embedded-content\"><\/iframe><script type=\"text\/javascript\">\n\/* <![CDATA[ *\/\n\/*! This file is auto-generated *\/\n!function(d,l){\"use strict\";l.querySelector&&d.addEventListener&&\"undefined\"!=typeof URL&&(d.wp=d.wp||{},d.wp.receiveEmbedMessage||(d.wp.receiveEmbedMessage=function(e){var t=e.data;if((t||t.secret||t.message||t.value)&&!\/[^a-zA-Z0-9]\/.test(t.secret)){for(var s,r,n,a=l.querySelectorAll('iframe[data-secret=\"'+t.secret+'\"]'),o=l.querySelectorAll('blockquote[data-secret=\"'+t.secret+'\"]'),c=new RegExp(\"^https?:$\",\"i\"),i=0;i<o.length;i++)o[i].style.display=\"none\";for(i=0;i<a.length;i++)s=a[i],e.source===s.contentWindow&&(s.removeAttribute(\"style\"),\"height\"===t.message?(1e3<(r=parseInt(t.value,10))?r=1e3:~~r<200&&(r=200),s.height=r):\"link\"===t.message&&(r=new URL(s.getAttribute(\"src\")),n=new URL(t.value),c.test(n.protocol))&&n.host===r.host&&l.activeElement===s&&(d.top.location.href=t.value))}},d.addEventListener(\"message\",d.wp.receiveEmbedMessage,!1),l.addEventListener(\"DOMContentLoaded\",function(){for(var e,t,s=l.querySelectorAll(\"iframe.wp-embedded-content\"),r=0;r<s.length;r++)(t=(e=s[r]).getAttribute(\"data-secret\"))||(t=Math.random().toString(36).substring(2,12),e.src+=\"#?secret=\"+t,e.setAttribute(\"data-secret\",t)),e.contentWindow.postMessage({message:\"ready\",secret:t},\"*\")},!1)))}(window,document);\n\/\/# sourceURL=https:\/\/www.rri.ro\/wp-includes\/js\/wp-embed.min.js\n\/* ]]> *\/\n<\/script>\n","thumbnail_url":"https:\/\/www.rri.ro\/wp-content\/uploads\/2023\/10\/stiri-franceza-ok2.png","thumbnail_width":420,"thumbnail_height":280,"description":"R\u00e9volution &#8211; A Timisoara (ouest), poursuite des manifestations consacr\u00e9es au 30e anniversaire de la chute du communisme en Roumanie. Pour rappel, le 18 d\u00e9cembre 1989, des manifestants ont \u00e9t\u00e9 tu\u00e9s par balle sur les marches de la Cath\u00e9drale orthodoxe de Timisoara, 43 cadavre ayant \u00e9t\u00e9 vol\u00e9s de la morgue de H\u00f4pital d\u00e9partemental pour \u00eatre emmen\u00e9s [&hellip;]"}

Révolution &#8211; A Timisoara (ouest), poursuite des manifestations consacrées au 30e anniversaire de la chute du communisme en Roumanie. Pour rappel, le 18 décembre 1989, des manifestants ont été tués par balle sur les marches de la Cathédrale orthodoxe de Timisoara, 43 cadavre ayant été volés de la morgue de Hôpital départemental pour être emmenés [&hellip;]
