{"version":"1.0","provider_name":"Radio Roumanie Internationale","provider_url":"https:\/\/www.rri.ro\/fr","author_name":"Newsroom","author_url":"https:\/\/www.rri.ro\/fr\/author\/newsroom","title":"22.05.2019 - Radio Roumanie Internationale","type":"rich","width":600,"height":338,"html":"<blockquote class=\"wp-embedded-content\" data-secret=\"lBdiSieiBp\"><a href=\"https:\/\/www.rri.ro\/fr\/actualites\/le-flash\/22-05-2019-id393607.html\">22.05.2019<\/a><\/blockquote><iframe sandbox=\"allow-scripts\" security=\"restricted\" src=\"https:\/\/www.rri.ro\/fr\/actualites\/le-flash\/22-05-2019-id393607.html\/embed#?secret=lBdiSieiBp\" width=\"600\" height=\"338\" title=\"\u00ab\u00a022.05.2019\u00a0\u00bb &#8212; Radio Roumanie Internationale\" data-secret=\"lBdiSieiBp\" frameborder=\"0\" marginwidth=\"0\" marginheight=\"0\" scrolling=\"no\" class=\"wp-embedded-content\"><\/iframe><script type=\"text\/javascript\">\n\/* <![CDATA[ *\/\n\/*! This file is auto-generated *\/\n!function(d,l){\"use strict\";l.querySelector&&d.addEventListener&&\"undefined\"!=typeof URL&&(d.wp=d.wp||{},d.wp.receiveEmbedMessage||(d.wp.receiveEmbedMessage=function(e){var t=e.data;if((t||t.secret||t.message||t.value)&&!\/[^a-zA-Z0-9]\/.test(t.secret)){for(var s,r,n,a=l.querySelectorAll('iframe[data-secret=\"'+t.secret+'\"]'),o=l.querySelectorAll('blockquote[data-secret=\"'+t.secret+'\"]'),c=new RegExp(\"^https?:$\",\"i\"),i=0;i<o.length;i++)o[i].style.display=\"none\";for(i=0;i<a.length;i++)s=a[i],e.source===s.contentWindow&&(s.removeAttribute(\"style\"),\"height\"===t.message?(1e3<(r=parseInt(t.value,10))?r=1e3:~~r<200&&(r=200),s.height=r):\"link\"===t.message&&(r=new URL(s.getAttribute(\"src\")),n=new URL(t.value),c.test(n.protocol))&&n.host===r.host&&l.activeElement===s&&(d.top.location.href=t.value))}},d.addEventListener(\"message\",d.wp.receiveEmbedMessage,!1),l.addEventListener(\"DOMContentLoaded\",function(){for(var e,t,s=l.querySelectorAll(\"iframe.wp-embedded-content\"),r=0;r<s.length;r++)(t=(e=s[r]).getAttribute(\"data-secret\"))||(t=Math.random().toString(36).substring(2,12),e.src+=\"#?secret=\"+t,e.setAttribute(\"data-secret\",t)),e.contentWindow.postMessage({message:\"ready\",secret:t},\"*\")},!1)))}(window,document);\n\/\/# sourceURL=https:\/\/www.rri.ro\/wp-includes\/js\/wp-embed.min.js\n\/* ]]> *\/\n<\/script>\n","thumbnail_url":"https:\/\/www.rri.ro\/wp-content\/uploads\/2023\/10\/stiri-franceza-ok2.png","thumbnail_width":420,"thumbnail_height":280,"description":"Syndicats &#8211; Les syndicats des travailleurs des p\u00e9nitenciers roumains ont suspendu les protestations d\u00e9marr\u00e9s d\u00e9but mai, apr\u00e8s avoir re\u00e7u une invitation du gouvernement pour des discussions ce mercredi 22 mai. Les syndicalistes ont toutefois l&rsquo;intention de reprendre les protestations si le r\u00e9sultat des n\u00e9gociations ne leur est pas favorable. Ils demandent, principalement, que le Statut [&hellip;]"}

Syndicats &#8211; Les syndicats des travailleurs des pénitenciers roumains ont suspendu les protestations démarrés début mai, après avoir reçu une invitation du gouvernement pour des discussions ce mercredi 22 mai. Les syndicalistes ont toutefois l&rsquo;intention de reprendre les protestations si le résultat des négociations ne leur est pas favorable. Ils demandent, principalement, que le Statut [&hellip;]
