{"version":"1.0","provider_name":"Radio Roumanie Internationale","provider_url":"https:\/\/www.rri.ro\/fr","author_name":"Newsroom","author_url":"https:\/\/www.rri.ro\/fr\/author\/newsroom","title":"27.12.2017 - Radio Roumanie Internationale","type":"rich","width":600,"height":338,"html":"<blockquote class=\"wp-embedded-content\" data-secret=\"jO3uw1Xkhq\"><a href=\"https:\/\/www.rri.ro\/fr\/actualites\/le-flash\/27-12-2017-id392610.html\">27.12.2017<\/a><\/blockquote><iframe sandbox=\"allow-scripts\" security=\"restricted\" src=\"https:\/\/www.rri.ro\/fr\/actualites\/le-flash\/27-12-2017-id392610.html\/embed#?secret=jO3uw1Xkhq\" width=\"600\" height=\"338\" title=\"\u00ab\u00a027.12.2017\u00a0\u00bb &#8212; Radio Roumanie Internationale\" data-secret=\"jO3uw1Xkhq\" frameborder=\"0\" marginwidth=\"0\" marginheight=\"0\" scrolling=\"no\" class=\"wp-embedded-content\"><\/iframe><script type=\"text\/javascript\">\n\/* <![CDATA[ *\/\n\/*! This file is auto-generated *\/\n!function(d,l){\"use strict\";l.querySelector&&d.addEventListener&&\"undefined\"!=typeof URL&&(d.wp=d.wp||{},d.wp.receiveEmbedMessage||(d.wp.receiveEmbedMessage=function(e){var t=e.data;if((t||t.secret||t.message||t.value)&&!\/[^a-zA-Z0-9]\/.test(t.secret)){for(var s,r,n,a=l.querySelectorAll('iframe[data-secret=\"'+t.secret+'\"]'),o=l.querySelectorAll('blockquote[data-secret=\"'+t.secret+'\"]'),c=new RegExp(\"^https?:$\",\"i\"),i=0;i<o.length;i++)o[i].style.display=\"none\";for(i=0;i<a.length;i++)s=a[i],e.source===s.contentWindow&&(s.removeAttribute(\"style\"),\"height\"===t.message?(1e3<(r=parseInt(t.value,10))?r=1e3:~~r<200&&(r=200),s.height=r):\"link\"===t.message&&(r=new URL(s.getAttribute(\"src\")),n=new URL(t.value),c.test(n.protocol))&&n.host===r.host&&l.activeElement===s&&(d.top.location.href=t.value))}},d.addEventListener(\"message\",d.wp.receiveEmbedMessage,!1),l.addEventListener(\"DOMContentLoaded\",function(){for(var e,t,s=l.querySelectorAll(\"iframe.wp-embedded-content\"),r=0;r<s.length;r++)(t=(e=s[r]).getAttribute(\"data-secret\"))||(t=Math.random().toString(36).substring(2,12),e.src+=\"#?secret=\"+t,e.setAttribute(\"data-secret\",t)),e.contentWindow.postMessage({message:\"ready\",secret:t},\"*\")},!1)))}(window,document);\n\/\/# sourceURL=https:\/\/www.rri.ro\/wp-includes\/js\/wp-embed.min.js\n\/* ]]> *\/\n<\/script>\n","thumbnail_url":"https:\/\/www.rri.ro\/wp-content\/uploads\/2023\/10\/stiri-franceza-ok2.png","thumbnail_width":420,"thumbnail_height":280,"description":"Rencontre &#8212; A Bucarest, le premier ministre Mihai Tudose rencontre aujourd\u2019hui les repr\u00e9sentants de 43 organisations civiques, actives dans les mouvements de protestation contre la l\u00e9gislation p\u00e9nale, qui lui ont demand\u00e9 d\u2019avoir avec lui une discussion en mati\u00e8re de lois de la justice et des modifications des Codes p\u00e9naux. Ces organisations ont exprim\u00e9 leur disponibilit\u00e9 [&hellip;]"}

Rencontre &#8212; A Bucarest, le premier ministre Mihai Tudose rencontre aujourd’hui les représentants de 43 organisations civiques, actives dans les mouvements de protestation contre la législation pénale, qui lui ont demandé d’avoir avec lui une discussion en matière de lois de la justice et des modifications des Codes pénaux. Ces organisations ont exprimé leur disponibilité [&hellip;]
