{"version":"1.0","provider_name":"Radio Roumanie Internationale","provider_url":"https:\/\/www.rri.ro\/fr","author_name":"Rom\u00e2nia Interna\u021bional","author_url":"https:\/\/www.rri.ro\/fr\/author\/redactia","title":"30.10.2013 - Radio Roumanie Internationale","type":"rich","width":600,"height":338,"html":"<blockquote class=\"wp-embedded-content\" data-secret=\"t5fy0J1N5t\"><a href=\"https:\/\/www.rri.ro\/fr\/actualites\/le-flash\/30-10-2013-2-id389842.html\">30.10.2013<\/a><\/blockquote><iframe sandbox=\"allow-scripts\" security=\"restricted\" src=\"https:\/\/www.rri.ro\/fr\/actualites\/le-flash\/30-10-2013-2-id389842.html\/embed#?secret=t5fy0J1N5t\" width=\"600\" height=\"338\" title=\"\u00ab\u00a030.10.2013\u00a0\u00bb &#8212; Radio Roumanie Internationale\" data-secret=\"t5fy0J1N5t\" frameborder=\"0\" marginwidth=\"0\" marginheight=\"0\" scrolling=\"no\" class=\"wp-embedded-content\"><\/iframe><script type=\"text\/javascript\">\n\/* <![CDATA[ *\/\n\/*! This file is auto-generated *\/\n!function(d,l){\"use strict\";l.querySelector&&d.addEventListener&&\"undefined\"!=typeof URL&&(d.wp=d.wp||{},d.wp.receiveEmbedMessage||(d.wp.receiveEmbedMessage=function(e){var t=e.data;if((t||t.secret||t.message||t.value)&&!\/[^a-zA-Z0-9]\/.test(t.secret)){for(var s,r,n,a=l.querySelectorAll('iframe[data-secret=\"'+t.secret+'\"]'),o=l.querySelectorAll('blockquote[data-secret=\"'+t.secret+'\"]'),c=new RegExp(\"^https?:$\",\"i\"),i=0;i<o.length;i++)o[i].style.display=\"none\";for(i=0;i<a.length;i++)s=a[i],e.source===s.contentWindow&&(s.removeAttribute(\"style\"),\"height\"===t.message?(1e3<(r=parseInt(t.value,10))?r=1e3:~~r<200&&(r=200),s.height=r):\"link\"===t.message&&(r=new URL(s.getAttribute(\"src\")),n=new URL(t.value),c.test(n.protocol))&&n.host===r.host&&l.activeElement===s&&(d.top.location.href=t.value))}},d.addEventListener(\"message\",d.wp.receiveEmbedMessage,!1),l.addEventListener(\"DOMContentLoaded\",function(){for(var e,t,s=l.querySelectorAll(\"iframe.wp-embedded-content\"),r=0;r<s.length;r++)(t=(e=s[r]).getAttribute(\"data-secret\"))||(t=Math.random().toString(36).substring(2,12),e.src+=\"#?secret=\"+t,e.setAttribute(\"data-secret\",t)),e.contentWindow.postMessage({message:\"ready\",secret:t},\"*\")},!1)))}(window,document);\n\/\/# sourceURL=https:\/\/www.rri.ro\/wp-includes\/js\/wp-embed.min.js\n\/* ]]> *\/\n<\/script>\n","thumbnail_url":"https:\/\/www.rri.ro\/wp-content\/uploads\/2023\/10\/201111031614-glob.jpg","thumbnail_width":450,"thumbnail_height":300,"description":"Budget &#8211; Le gouvernement de Bucarest doit adopter ce mercredi le deuxi\u00e8me correctif budg\u00e9taire de l\u2019ann\u00e9e. Les principaux chiffres du projet ont \u00e9t\u00e9 remis sur le tapis et convenus avec les repr\u00e9sentants du FMI. La plupart des minist\u00e8res verront leurs fonds amput\u00e9s, en raison de la baisse des recettes au budget de l\u2019Etat. L\u2019opposition de [&hellip;]"}

România Internațional

Budget &#8211; Le gouvernement de Bucarest doit adopter ce mercredi le deuxième correctif budgétaire de l’année. Les principaux chiffres du projet ont été remis sur le tapis et convenus avec les représentants du FMI. La plupart des ministères verront leurs fonds amputés, en raison de la baisse des recettes au budget de l’Etat. L’opposition de [&hellip;]
