{"version":"1.0","provider_name":"Radio Roumanie Internationale","provider_url":"https:\/\/www.rri.ro\/fr","author_name":"Mihai Pelin","author_url":"https:\/\/www.rri.ro\/fr\/author\/mihai-pelin","title":"La fin du PNRR - Radio Roumanie Internationale","type":"rich","width":600,"height":338,"html":"<blockquote class=\"wp-embedded-content\" data-secret=\"4XA80257YP\"><a href=\"https:\/\/www.rri.ro\/fr\/actualites\/les-dossiers-de-lactualite\/la-fin-du-pnrr-id1055631.html\">La fin du PNRR<\/a><\/blockquote><iframe sandbox=\"allow-scripts\" security=\"restricted\" src=\"https:\/\/www.rri.ro\/fr\/actualites\/les-dossiers-de-lactualite\/la-fin-du-pnrr-id1055631.html\/embed#?secret=4XA80257YP\" width=\"600\" height=\"338\" title=\"\u00ab\u00a0La fin du PNRR\u00a0\u00bb &#8212; Radio Roumanie Internationale\" data-secret=\"4XA80257YP\" frameborder=\"0\" marginwidth=\"0\" marginheight=\"0\" scrolling=\"no\" class=\"wp-embedded-content\"><\/iframe><script type=\"text\/javascript\">\n\/* <![CDATA[ *\/\n\/*! This file is auto-generated *\/\n!function(d,l){\"use strict\";l.querySelector&&d.addEventListener&&\"undefined\"!=typeof URL&&(d.wp=d.wp||{},d.wp.receiveEmbedMessage||(d.wp.receiveEmbedMessage=function(e){var t=e.data;if((t||t.secret||t.message||t.value)&&!\/[^a-zA-Z0-9]\/.test(t.secret)){for(var s,r,n,a=l.querySelectorAll('iframe[data-secret=\"'+t.secret+'\"]'),o=l.querySelectorAll('blockquote[data-secret=\"'+t.secret+'\"]'),c=new RegExp(\"^https?:$\",\"i\"),i=0;i<o.length;i++)o[i].style.display=\"none\";for(i=0;i<a.length;i++)s=a[i],e.source===s.contentWindow&&(s.removeAttribute(\"style\"),\"height\"===t.message?(1e3<(r=parseInt(t.value,10))?r=1e3:~~r<200&&(r=200),s.height=r):\"link\"===t.message&&(r=new URL(s.getAttribute(\"src\")),n=new URL(t.value),c.test(n.protocol))&&n.host===r.host&&l.activeElement===s&&(d.top.location.href=t.value))}},d.addEventListener(\"message\",d.wp.receiveEmbedMessage,!1),l.addEventListener(\"DOMContentLoaded\",function(){for(var e,t,s=l.querySelectorAll(\"iframe.wp-embedded-content\"),r=0;r<s.length;r++)(t=(e=s[r]).getAttribute(\"data-secret\"))||(t=Math.random().toString(36).substring(2,12),e.src+=\"#?secret=\"+t,e.setAttribute(\"data-secret\",t)),e.contentWindow.postMessage({message:\"ready\",secret:t},\"*\")},!1)))}(window,document);\n\/\/# sourceURL=https:\/\/www.rri.ro\/wp-includes\/js\/wp-embed.min.js\n\/* ]]> *\/\n<\/script>\n","thumbnail_url":"https:\/\/www.rri.ro\/wp-content\/uploads\/2026\/09\/PNRR-sursa-foto-guvernul-Romaniei-facebook.jpg","thumbnail_width":960,"thumbnail_height":541,"description":"Des projets finalis\u00e9s \u00e0 la derni\u00e8re minute &nbsp; C\u2019est la fin des financements europ\u00e9ens dont la Roumanie b\u00e9n\u00e9ficiait dans le cadre de son Plan national de relance et de r\u00e9silience (PNRR). Le lundi 31 ao\u00fbt, dernier jour du Plan, plusieurs objectifs \u00e9taient encore en train d\u2019\u00eatre valid\u00e9s et diff\u00e9rents actes normatifs \u00e9taient adopt\u00e9s par le [&hellip;]"}

Des projets finalisés à la dernière minute &nbsp; C’est la fin des financements européens dont la Roumanie bénéficiait dans le cadre de son Plan national de relance et de résilience (PNRR). Le lundi 31 août, dernier jour du Plan, plusieurs objectifs étaient encore en train d’être validés et différents actes normatifs étaient adoptés par le [&hellip;]
