{"version":"1.0","provider_name":"Radio Roumanie Internationale","provider_url":"https:\/\/www.rri.ro\/fr","author_name":"Daniel Onea","author_url":"https:\/\/www.rri.ro\/fr\/author\/daniel-onea","title":"T\u00e2rgovi\u0219te - Radio Roumanie Internationale","type":"rich","width":600,"height":338,"html":"<blockquote class=\"wp-embedded-content\" data-secret=\"SPc2RqKkYY\"><a href=\"https:\/\/www.rri.ro\/fr\/nos-emissions\/visitez-la-roumanie\/targoviste-2-id422021.html\">T\u00e2rgovi\u0219te<\/a><\/blockquote><iframe sandbox=\"allow-scripts\" security=\"restricted\" src=\"https:\/\/www.rri.ro\/fr\/nos-emissions\/visitez-la-roumanie\/targoviste-2-id422021.html\/embed#?secret=SPc2RqKkYY\" width=\"600\" height=\"338\" title=\"\u00ab\u00a0T\u00e2rgovi\u0219te\u00a0\u00bb &#8212; Radio Roumanie Internationale\" data-secret=\"SPc2RqKkYY\" frameborder=\"0\" marginwidth=\"0\" marginheight=\"0\" scrolling=\"no\" class=\"wp-embedded-content\"><\/iframe><script type=\"text\/javascript\">\n\/* <![CDATA[ *\/\n\/*! This file is auto-generated *\/\n!function(d,l){\"use strict\";l.querySelector&&d.addEventListener&&\"undefined\"!=typeof URL&&(d.wp=d.wp||{},d.wp.receiveEmbedMessage||(d.wp.receiveEmbedMessage=function(e){var t=e.data;if((t||t.secret||t.message||t.value)&&!\/[^a-zA-Z0-9]\/.test(t.secret)){for(var s,r,n,a=l.querySelectorAll('iframe[data-secret=\"'+t.secret+'\"]'),o=l.querySelectorAll('blockquote[data-secret=\"'+t.secret+'\"]'),c=new RegExp(\"^https?:$\",\"i\"),i=0;i<o.length;i++)o[i].style.display=\"none\";for(i=0;i<a.length;i++)s=a[i],e.source===s.contentWindow&&(s.removeAttribute(\"style\"),\"height\"===t.message?(1e3<(r=parseInt(t.value,10))?r=1e3:~~r<200&&(r=200),s.height=r):\"link\"===t.message&&(r=new URL(s.getAttribute(\"src\")),n=new URL(t.value),c.test(n.protocol))&&n.host===r.host&&l.activeElement===s&&(d.top.location.href=t.value))}},d.addEventListener(\"message\",d.wp.receiveEmbedMessage,!1),l.addEventListener(\"DOMContentLoaded\",function(){for(var e,t,s=l.querySelectorAll(\"iframe.wp-embedded-content\"),r=0;r<s.length;r++)(t=(e=s[r]).getAttribute(\"data-secret\"))||(t=Math.random().toString(36).substring(2,12),e.src+=\"#?secret=\"+t,e.setAttribute(\"data-secret\",t)),e.contentWindow.postMessage({message:\"ready\",secret:t},\"*\")},!1)))}(window,document);\n\/\/# sourceURL=https:\/\/www.rri.ro\/wp-includes\/js\/wp-embed.min.js\n\/* ]]> *\/\n<\/script>\n","thumbnail_url":"https:\/\/www.rri.ro\/wp-content\/uploads\/2023\/10\/turnul-chindiei-foto-facebook-orasultargoviste.png","thumbnail_width":640,"thumbnail_height":801,"description":"Ancienne r\u00e9sidence princi\u00e8re et capitale valaque entre 1396 et 1714, elle est, de nos jours, le chef &#8211; lieu du d\u00e9partement de D\u00e2mbovi\u0163a. Pour remonter le temps, nous vous proposons de faire une premi\u00e8re halte dans le Complexe du Mus\u00e9e de la Cour princi\u00e8re, un des ensembles architecturaux les plus importants de la province historique [&hellip;]"}

Târgoviște - Radio Roumanie Internationale

<blockquote class="wp-embedded-content" data-secret="SPc2RqKkYY"><a href="https://www.rri.ro/fr/nos-emissions/visitez-la-roumanie/targoviste-2-id422021.html">Târgoviște</a></blockquote><iframe sandbox="allow-scripts" security="restricted" src="https://www.rri.ro/fr/nos-emissions/visitez-la-roumanie/targoviste-2-id422021.html/embed#?secret=SPc2RqKkYY" width="600" height="338" title="« Târgoviște » &#8212; Radio Roumanie Internationale" data-secret="SPc2RqKkYY" frameborder="0" marginwidth="0" marginheight="0" scrolling="no" class="wp-embedded-content"></iframe><script type="text/javascript">
/* <![CDATA[ */
/*! This file is auto-generated */
!function(d,l){"use strict";l.querySelector&&d.addEventListener&&"undefined"!=typeof URL&&(d.wp=d.wp||{},d.wp.receiveEmbedMessage||(d.wp.receiveEmbedMessage=function(e){var t=e.data;if((t||t.secret||t.message||t.value)&&!/[^a-zA-Z0-9]/.test(t.secret)){for(var s,r,n,a=l.querySelectorAll('iframe[data-secret="'+t.secret+'"]'),o=l.querySelectorAll('blockquote[data-secret="'+t.secret+'"]'),c=new RegExp("^https?:$","i"),i=0;i<o.length;i++)o[i].style.display="none";for(i=0;i<a.length;i++)s=a[i],e.source===s.contentWindow&&(s.removeAttribute("style"),"height"===t.message?(1e3<(r=parseInt(t.value,10))?r=1e3:~~r<200&&(r=200),s.height=r):"link"===t.message&&(r=new URL(s.getAttribute("src")),n=new URL(t.value),c.test(n.protocol))&&n.host===r.host&&l.activeElement===s&&(d.top.location.href=t.value))}},d.addEventListener("message",d.wp.receiveEmbedMessage,!1),l.addEventListener("DOMContentLoaded",function(){for(var e,t,s=l.querySelectorAll("iframe.wp-embedded-content"),r=0;r<s.length;r++)(t=(e=s[r]).getAttribute("data-secret"))||(t=Math.random().toString(36).substring(2,12),e.src+="#?secret="+t,e.setAttribute("data-secret",t)),e.contentWindow.postMessage({message:"ready",secret:t},"*")},!1)))}(window,document);
//# sourceURL=https://www.rri.ro/wp-includes/js/wp-embed.min.js
/* ]]> */
</script>

Ancienne résidence princière et capitale valaque entre 1396 et 1714, elle est, de nos jours, le chef &#8211; lieu du département de Dâmboviţa. Pour remonter le temps, nous vous proposons de faire une première halte dans le Complexe du Musée de la Cour princière, un des ensembles architecturaux les plus importants de la province historique [&hellip;]
