{"version":"1.0","provider_name":"RADIO RUMUNIJA INTERNACIONAL","provider_url":"https:\/\/www.rri.ro\/sr","author_name":"Marija Nenadi\u0107-Zurka","author_url":"https:\/\/www.rri.ro\/sr\/author\/marija-nenadic","title":"Vesti \u2013 27.04.2026 - RADIO RUMUNIJA INTERNACIONAL","type":"rich","width":600,"height":338,"html":"<blockquote class=\"wp-embedded-content\" data-secret=\"O01jxfSD9d\"><a href=\"https:\/\/www.rri.ro\/sr\/aktuelnosti\/vesti\/vesti-27-04-2026-id1010692.html\">Vesti \u2013 27.04.2026<\/a><\/blockquote><iframe sandbox=\"allow-scripts\" security=\"restricted\" src=\"https:\/\/www.rri.ro\/sr\/aktuelnosti\/vesti\/vesti-27-04-2026-id1010692.html\/embed#?secret=O01jxfSD9d\" width=\"600\" height=\"338\" title=\"&#132;Vesti \u2013 27.04.2026&#147; &#8212; RADIO RUMUNIJA INTERNACIONAL\" data-secret=\"O01jxfSD9d\" frameborder=\"0\" marginwidth=\"0\" marginheight=\"0\" scrolling=\"no\" class=\"wp-embedded-content\"><\/iframe><script type=\"text\/javascript\">\n\/* <![CDATA[ *\/\n\/*! This file is auto-generated *\/\n!function(d,l){\"use strict\";l.querySelector&&d.addEventListener&&\"undefined\"!=typeof URL&&(d.wp=d.wp||{},d.wp.receiveEmbedMessage||(d.wp.receiveEmbedMessage=function(e){var t=e.data;if((t||t.secret||t.message||t.value)&&!\/[^a-zA-Z0-9]\/.test(t.secret)){for(var s,r,n,a=l.querySelectorAll('iframe[data-secret=\"'+t.secret+'\"]'),o=l.querySelectorAll('blockquote[data-secret=\"'+t.secret+'\"]'),c=new RegExp(\"^https?:$\",\"i\"),i=0;i<o.length;i++)o[i].style.display=\"none\";for(i=0;i<a.length;i++)s=a[i],e.source===s.contentWindow&&(s.removeAttribute(\"style\"),\"height\"===t.message?(1e3<(r=parseInt(t.value,10))?r=1e3:~~r<200&&(r=200),s.height=r):\"link\"===t.message&&(r=new URL(s.getAttribute(\"src\")),n=new URL(t.value),c.test(n.protocol))&&n.host===r.host&&l.activeElement===s&&(d.top.location.href=t.value))}},d.addEventListener(\"message\",d.wp.receiveEmbedMessage,!1),l.addEventListener(\"DOMContentLoaded\",function(){for(var e,t,s=l.querySelectorAll(\"iframe.wp-embedded-content\"),r=0;r<s.length;r++)(t=(e=s[r]).getAttribute(\"data-secret\"))||(t=Math.random().toString(36).substring(2,12),e.src+=\"#?secret=\"+t,e.setAttribute(\"data-secret\",t)),e.contentWindow.postMessage({message:\"ready\",secret:t},\"*\")},!1)))}(window,document);\n\/\/# sourceURL=https:\/\/www.rri.ro\/wp-includes\/js\/wp-embed.min.js\n\/* ]]> *\/\n<\/script>\n","thumbnail_url":"https:\/\/www.rri.ro\/wp-content\/uploads\/2024\/03\/RRI-960x540-Vesti-1-NOU.jpg","thumbnail_width":960,"thumbnail_height":540,"description":"Socijaldemokratska stranka, koja je pro\u0161le nedelje povukla podr\u0161ku liberalnom premijeru i povukla svoje ministre iz kabineta, danas je objavila da, zajedno sa Alijansom za ujedinjenje Rumuna (populisti\u010dkom), podnosi predlog za izglasavanje nepoverenja izvr\u0161noj vlasti Bolo\u017eana. Saop\u0161tenje je dato tokom novih konsultacija \u0161efa dr\u017eave sa liderima proevropskih stranaka, uklju\u010dujuc\u0301i Socijaldemokratsku stranku. Teme razgovora odnosile su se [&hellip;]"}

Marija Nenadić-Zurka

Socijaldemokratska stranka, koja je prošle nedelje povukla podršku liberalnom premijeru i povukla svoje ministre iz kabineta, danas je objavila da, zajedno sa Alijansom za ujedinjenje Rumuna (populističkom), podnosi predlog za izglasavanje nepoverenja izvršnoj vlasti Boložana. Saopštenje je dato tokom novih konsultacija šefa države sa liderima proevropskih stranaka, uključujući Socijaldemokratsku stranku. Teme razgovora odnosile su se [&hellip;]
